{"id":273,"date":"2020-08-15T20:17:46","date_gmt":"2020-08-15T18:17:46","guid":{"rendered":"http:\/\/pepason.fr\/?page_id=273"},"modified":"2020-11-20T22:18:37","modified_gmt":"2020-11-20T21:18:37","slug":"ludotheque-pedacoustique","status":"publish","type":"page","link":"https:\/\/pepason.fr\/?page_id=273","title":{"rendered":"Ludoth\u00e8que p\u00e9dacoustique"},"content":{"rendered":"\t\t<div data-elementor-type=\"wp-page\" data-elementor-id=\"273\" class=\"elementor elementor-273\">\n\t\t\t\t\t\t<div class=\"elementor-inner\">\n\t\t\t\t<div class=\"elementor-section-wrap\">\n\t\t\t\t\t\t\t\t\t<section class=\"elementor-section elementor-top-section elementor-element elementor-element-7dd4e3c elementor-section-boxed elementor-section-height-default elementor-section-height-default\" data-id=\"7dd4e3c\" data-element_type=\"section\">\n\t\t\t\t\t\t<div class=\"elementor-container elementor-column-gap-default\">\n\t\t\t\t\t\t\t<div class=\"elementor-row\">\n\t\t\t\t\t<div class=\"elementor-column elementor-col-100 elementor-top-column elementor-element elementor-element-d19eea9\" data-id=\"d19eea9\" data-element_type=\"column\">\n\t\t\t<div class=\"elementor-column-wrap elementor-element-populated\">\n\t\t\t\t\t\t\t<div class=\"elementor-widget-wrap\">\n\t\t\t\t\t\t<div class=\"elementor-element elementor-element-c98358c elementor-widget elementor-widget-heading\" data-id=\"c98358c\" data-element_type=\"widget\" data-widget_type=\"heading.default\">\n\t\t\t\t<div class=\"elementor-widget-container\">\n\t\t\t<h1 class=\"elementor-heading-title elementor-size-default\">Ludoth\u00e8que p\u00e9dacoustique<\/h1>\t\t<\/div>\n\t\t\t\t<\/div>\n\t\t\t\t<div class=\"elementor-element elementor-element-b7fb275 elementor-widget elementor-widget-text-editor\" data-id=\"b7fb275\" data-element_type=\"widget\" data-widget_type=\"text-editor.default\">\n\t\t\t\t<div class=\"elementor-widget-container\">\n\t\t\t\t\t\t\t\t<div class=\"elementor-text-editor elementor-clearfix\">\n\t\t\t\t<p>Le collectif <em>PePaSon<\/em> met \u00e0 votre disposition toutes ses ressources p\u00e9dagogiques ! Toutes ? Oui, toutes&#8230;\u00a0<\/p><p><strong>Nous luttons contre la propri\u00e9t\u00e9 intellectuelle lucrative<\/strong>. Toutes nos ressources sont donc libres pour une utilisation non-commerciale (<a href=\"https:\/\/creativecommons.org\/licenses\/by-nc\/3.0\/\">Consulter la licence de publication <em>Creative Commons<\/em><\/a>).\u00a0<\/p><p>Nous cr\u00e9ons des jeux, des planches p\u00e9dagogiques, des outils, des posters&#8230; et souhaitons les rendre accessibles \u00e0 toutes et \u00e0 tous. Les outils sont d\u00e9velopp\u00e9s pour s&#8217;adapter au maximum \u00e0 tous les \u00e2ges et \u00e0 toutes les particularit\u00e9s (situation de handicap-s, multi-linguisme, etc&#8230;).\u00a0<\/p><p>Vous avez une question ? Un besoin d&#8217;adaptation de support ?\u00a0\u00a0<\/p>\t\t\t\t\t<\/div>\n\t\t\t\t\t\t<\/div>\n\t\t\t\t<\/div>\n\t\t\t\t<div class=\"elementor-element elementor-element-a4869bb elementor-widget elementor-widget-button\" data-id=\"a4869bb\" data-element_type=\"widget\" data-widget_type=\"button.default\">\n\t\t\t\t<div class=\"elementor-widget-container\">\n\t\t\t\t\t<div class=\"elementor-button-wrapper\">\n\t\t\t<a href=\"http:\/\/pepason.fr\/?page_id=121\" class=\"elementor-button-link elementor-button elementor-size-xs\" role=\"button\">\n\t\t\t\t\t\t<span class=\"elementor-button-content-wrapper\">\n\t\t\t\t\t\t<span class=\"elementor-button-text\">Contactez-nous<\/span>\n\t\t<\/span>\n\t\t\t\t\t<\/a>\n\t\t<\/div>\n\t\t\t\t<\/div>\n\t\t\t\t<\/div>\n\t\t\t\t<div class=\"elementor-element elementor-element-eff5348 elementor-widget-divider--view-line elementor-widget elementor-widget-divider\" data-id=\"eff5348\" data-element_type=\"widget\" data-widget_type=\"divider.default\">\n\t\t\t\t<div class=\"elementor-widget-container\">\n\t\t\t\t\t<div class=\"elementor-divider\">\n\t\t\t<span class=\"elementor-divider-separator\">\n\t\t\t\t\t\t<\/span>\n\t\t<\/div>\n\t\t\t\t<\/div>\n\t\t\t\t<\/div>\n\t\t\t\t\t\t<\/div>\n\t\t\t\t\t<\/div>\n\t\t<\/div>\n\t\t\t\t\t\t\t\t<\/div>\n\t\t\t\t\t<\/div>\n\t\t<\/section>\n\t\t\t\t<section class=\"elementor-section elementor-top-section elementor-element elementor-element-ea8b3f5 elementor-section-boxed elementor-section-height-default elementor-section-height-default\" data-id=\"ea8b3f5\" data-element_type=\"section\">\n\t\t\t\t\t\t<div class=\"elementor-container elementor-column-gap-default\">\n\t\t\t\t\t\t\t<div class=\"elementor-row\">\n\t\t\t\t\t<div class=\"elementor-column elementor-col-33 elementor-top-column elementor-element elementor-element-ec41b63\" data-id=\"ec41b63\" data-element_type=\"column\">\n\t\t\t<div class=\"elementor-column-wrap elementor-element-populated\">\n\t\t\t\t\t\t\t<div class=\"elementor-widget-wrap\">\n\t\t\t\t\t\t<div class=\"elementor-element elementor-element-7b9f0f9 elementor-align-center elementor-widget elementor-widget-button\" data-id=\"7b9f0f9\" data-element_type=\"widget\" data-widget_type=\"button.default\">\n\t\t\t\t<div class=\"elementor-widget-container\">\n\t\t\t\t\t<div class=\"elementor-button-wrapper\">\n\t\t\t<a href=\"http:\/\/pepason.fr\/?page_id=545\" class=\"elementor-button-link elementor-button elementor-size-xl\" role=\"button\">\n\t\t\t\t\t\t<span class=\"elementor-button-content-wrapper\">\n\t\t\t\t\t\t\t<span class=\"elementor-button-icon elementor-align-icon-left\">\n\t\t\t\t<i aria-hidden=\"true\" class=\"fas fa-gamepad\"><\/i>\t\t\t<\/span>\n\t\t\t\t\t\t<span class=\"elementor-button-text\">Jeux & Expos<\/span>\n\t\t<\/span>\n\t\t\t\t\t<\/a>\n\t\t<\/div>\n\t\t\t\t<\/div>\n\t\t\t\t<\/div>\n\t\t\t\t<div class=\"elementor-element elementor-element-968bcfa elementor-widget elementor-widget-text-editor\" data-id=\"968bcfa\" data-element_type=\"widget\" data-widget_type=\"text-editor.default\">\n\t\t\t\t<div class=\"elementor-widget-container\">\n\t\t\t\t\t\t\t\t<div class=\"elementor-text-editor elementor-clearfix\">\n\t\t\t\t<p style=\"text-align: center;\">Des jeux de soci\u00e9t\u00e9 ? Des jeux vid\u00e9o ? Des jeux grandeur-nature \u00e0 faire seul, en famille ou en groupe ?\u00a0<\/p><p style=\"text-align: center;\">Une exposition ou id\u00e9e de cr\u00e9ation ?<\/p><p style=\"text-align: center;\">C&#8217;est par ici !\u00a0\u00a0<\/p>\t\t\t\t\t<\/div>\n\t\t\t\t\t\t<\/div>\n\t\t\t\t<\/div>\n\t\t\t\t\t\t<\/div>\n\t\t\t\t\t<\/div>\n\t\t<\/div>\n\t\t\t\t<div class=\"elementor-column elementor-col-33 elementor-top-column elementor-element elementor-element-5cdd90b\" data-id=\"5cdd90b\" data-element_type=\"column\">\n\t\t\t<div class=\"elementor-column-wrap elementor-element-populated\">\n\t\t\t\t\t\t\t<div class=\"elementor-widget-wrap\">\n\t\t\t\t\t\t<div class=\"elementor-element elementor-element-a32d0ce elementor-align-center elementor-widget elementor-widget-button\" data-id=\"a32d0ce\" data-element_type=\"widget\" data-widget_type=\"button.default\">\n\t\t\t\t<div class=\"elementor-widget-container\">\n\t\t\t\t\t<div class=\"elementor-button-wrapper\">\n\t\t\t<a href=\"http:\/\/pepason.fr\/?page_id=154\" class=\"elementor-button-link elementor-button elementor-size-xl\" role=\"button\">\n\t\t\t\t\t\t<span class=\"elementor-button-content-wrapper\">\n\t\t\t\t\t\t\t<span class=\"elementor-button-icon elementor-align-icon-left\">\n\t\t\t\t<i aria-hidden=\"true\" class=\"fas fa-tools\"><\/i>\t\t\t<\/span>\n\t\t\t\t\t\t<span class=\"elementor-button-text\">Outils p\u00e9da<\/span>\n\t\t<\/span>\n\t\t\t\t\t<\/a>\n\t\t<\/div>\n\t\t\t\t<\/div>\n\t\t\t\t<\/div>\n\t\t\t\t<div class=\"elementor-element elementor-element-c95c7a3 elementor-widget elementor-widget-text-editor\" data-id=\"c95c7a3\" data-element_type=\"widget\" data-widget_type=\"text-editor.default\">\n\t\t\t\t<div class=\"elementor-widget-container\">\n\t\t\t\t\t\t\t\t<div class=\"elementor-text-editor elementor-clearfix\">\n\t\t\t\t<p style=\"text-align: center;\">Animatrices et instituteurs, profs, parents et tous les autres curieux d&#8217;apprentissage&#8230; Vous trouverez ici des planches, des posters, des gomettes, des activit\u00e9s&#8230;\u00a0<\/p>\n<p style=\"text-align: center;\">Bref&#8230; Les outils sont ici !\u00a0<\/p>\t\t\t\t\t<\/div>\n\t\t\t\t\t\t<\/div>\n\t\t\t\t<\/div>\n\t\t\t\t\t\t<\/div>\n\t\t\t\t\t<\/div>\n\t\t<\/div>\n\t\t\t\t<div class=\"elementor-column elementor-col-33 elementor-top-column elementor-element elementor-element-ed228ab\" data-id=\"ed228ab\" data-element_type=\"column\">\n\t\t\t<div class=\"elementor-column-wrap elementor-element-populated\">\n\t\t\t\t\t\t\t<div class=\"elementor-widget-wrap\">\n\t\t\t\t\t\t<div class=\"elementor-element elementor-element-3c9cdb0 elementor-align-center elementor-widget elementor-widget-button\" data-id=\"3c9cdb0\" data-element_type=\"widget\" data-widget_type=\"button.default\">\n\t\t\t\t<div class=\"elementor-widget-container\">\n\t\t\t\t\t<div class=\"elementor-button-wrapper\">\n\t\t\t<a href=\"http:\/\/pepason.fr\/?page_id=555\" class=\"elementor-button-link elementor-button elementor-size-xl\" role=\"button\">\n\t\t\t\t\t\t<span class=\"elementor-button-content-wrapper\">\n\t\t\t\t\t\t\t<span class=\"elementor-button-icon elementor-align-icon-left\">\n\t\t\t\t<i aria-hidden=\"true\" class=\"fas fa-box\"><\/i>\t\t\t<\/span>\n\t\t\t\t\t\t<span class=\"elementor-button-text\">Compl\u00e9ments<\/span>\n\t\t<\/span>\n\t\t\t\t\t<\/a>\n\t\t<\/div>\n\t\t\t\t<\/div>\n\t\t\t\t<\/div>\n\t\t\t\t<div class=\"elementor-element elementor-element-e646433 elementor-widget elementor-widget-text-editor\" data-id=\"e646433\" data-element_type=\"widget\" data-widget_type=\"text-editor.default\">\n\t\t\t\t<div class=\"elementor-widget-container\">\n\t\t\t\t\t\t\t\t<div class=\"elementor-text-editor elementor-clearfix\">\n\t\t\t\t<p style=\"text-align: center;\">Vous avez besoin de cartes ? De pions ? De couleurs ? De petits plus ?\u00a0<\/p>\n<p style=\"text-align: center;\">Vous voulez b\u00e9n\u00e9ficier d&#8217;extensions ?\u00a0<\/p>\n<p style=\"text-align: center;\">Retrouvez tout \u00e7a ici !\u00a0<\/p>\t\t\t\t\t<\/div>\n\t\t\t\t\t\t<\/div>\n\t\t\t\t<\/div>\n\t\t\t\t\t\t<\/div>\n\t\t\t\t\t<\/div>\n\t\t<\/div>\n\t\t\t\t\t\t\t\t<\/div>\n\t\t\t\t\t<\/div>\n\t\t<\/section>\n\t\t\t\t<section class=\"elementor-section elementor-top-section elementor-element elementor-element-3a4add3 elementor-section-boxed elementor-section-height-default elementor-section-height-default\" data-id=\"3a4add3\" data-element_type=\"section\">\n\t\t\t\t\t\t<div class=\"elementor-container elementor-column-gap-default\">\n\t\t\t\t\t\t\t<div class=\"elementor-row\">\n\t\t\t\t\t<div class=\"elementor-column elementor-col-100 elementor-top-column elementor-element elementor-element-ac4f756\" data-id=\"ac4f756\" data-element_type=\"column\">\n\t\t\t<div class=\"elementor-column-wrap elementor-element-populated\">\n\t\t\t\t\t\t\t<div class=\"elementor-widget-wrap\">\n\t\t\t\t\t\t<div class=\"elementor-element elementor-element-6eee7e8 elementor-widget elementor-widget-spacer\" data-id=\"6eee7e8\" data-element_type=\"widget\" data-widget_type=\"spacer.default\">\n\t\t\t\t<div class=\"elementor-widget-container\">\n\t\t\t\t\t<div class=\"elementor-spacer\">\n\t\t\t<div class=\"elementor-spacer-inner\"><\/div>\n\t\t<\/div>\n\t\t\t\t<\/div>\n\t\t\t\t<\/div>\n\t\t\t\t<div class=\"elementor-element elementor-element-90c18e0 elementor-widget elementor-widget-heading\" data-id=\"90c18e0\" data-element_type=\"widget\" data-widget_type=\"heading.default\">\n\t\t\t\t<div class=\"elementor-widget-container\">\n\t\t\t<h4 class=\"elementor-heading-title elementor-size-default\">Les derniers contenus ajout\u00e9s :<\/h4>\t\t<\/div>\n\t\t\t\t<\/div>\n\t\t\t\t<div class=\"elementor-element elementor-element-5feedcc elementor-grid-4 elementor-grid-tablet-2 elementor-grid-mobile-1 elementor-posts--thumbnail-top elementor-card-shadow-yes elementor-posts__hover-gradient elementor-widget elementor-widget-posts\" data-id=\"5feedcc\" data-element_type=\"widget\" data-settings=\"{&quot;cards_columns&quot;:&quot;4&quot;,&quot;pagination_type&quot;:&quot;prev_next&quot;,&quot;cards_columns_tablet&quot;:&quot;2&quot;,&quot;cards_columns_mobile&quot;:&quot;1&quot;,&quot;cards_row_gap&quot;:{&quot;unit&quot;:&quot;px&quot;,&quot;size&quot;:35,&quot;sizes&quot;:[]},&quot;cards_row_gap_tablet&quot;:{&quot;unit&quot;:&quot;px&quot;,&quot;size&quot;:&quot;&quot;,&quot;sizes&quot;:[]},&quot;cards_row_gap_mobile&quot;:{&quot;unit&quot;:&quot;px&quot;,&quot;size&quot;:&quot;&quot;,&quot;sizes&quot;:[]}}\" data-widget_type=\"posts.cards\">\n\t\t\t\t<div class=\"elementor-widget-container\">\n\t\t\t\t\t<div class=\"elementor-posts-container elementor-posts elementor-posts--skin-cards elementor-grid\">\n\t\t\t\t<article class=\"elementor-post elementor-grid-item post-4451 wpdmpro type-wpdmpro status-publish has-post-thumbnail hentry wpdmcategory-editions-pepason wpdmcategory-pieces-sonores\">\n\t\t\t<div class=\"elementor-post__card\">\n\t\t\t\t<a class=\"elementor-post__thumbnail__link\" href=\"https:\/\/pepason.fr\/?wpdmpro=barbecue\" target=\"_blank\"><div class=\"elementor-post__thumbnail\"><img width=\"300\" height=\"300\" src=\"https:\/\/pepason.fr\/wp-content\/uploads\/2023\/08\/Barbecue_piecesonore-300x300.jpg\" class=\"attachment-medium size-medium\" alt=\"\" loading=\"lazy\" srcset=\"https:\/\/pepason.fr\/wp-content\/uploads\/2023\/08\/Barbecue_piecesonore-300x300.jpg 300w, https:\/\/pepason.fr\/wp-content\/uploads\/2023\/08\/Barbecue_piecesonore-1024x1021.jpg 1024w, https:\/\/pepason.fr\/wp-content\/uploads\/2023\/08\/Barbecue_piecesonore-150x150.jpg 150w, https:\/\/pepason.fr\/wp-content\/uploads\/2023\/08\/Barbecue_piecesonore-768x765.jpg 768w, https:\/\/pepason.fr\/wp-content\/uploads\/2023\/08\/Barbecue_piecesonore.jpg 1200w\" sizes=\"(max-width: 300px) 100vw, 300px\" \/><\/div><\/a>\n\t\t\t\t<div class=\"elementor-post__text\">\n\t\t\t\t<h6 class=\"elementor-post__title\">\n\t\t\t<a href=\"https:\/\/pepason.fr\/?wpdmpro=barbecue\" target=&quot;_blank&quot;>\n\t\t\t\tBarbecue\t\t\t<\/a>\n\t\t<\/h6>\n\t\t\n\t\t<a class=\"elementor-post__read-more\" href=\"https:\/\/pepason.fr\/?wpdmpro=barbecue\" target=\"_blank\">\n\t\t\tRead More \u00bb\t\t<\/a>\n\n\t\t\t\t<\/div>\n\t\t\t\t<div class=\"elementor-post__meta-data\">\n\t\t\t\t\t<span class=\"elementor-post-date\">\n\t\t\t13 ao\u00fbt 2023\t\t<\/span>\n\t\t\t\t<\/div>\n\t\t\t\t\t<\/div>\n\t\t<\/article>\n\t\t\t\t<article class=\"elementor-post elementor-grid-item post-4445 wpdmpro type-wpdmpro status-publish has-post-thumbnail hentry wpdmcategory-editions-pepason wpdmcategory-pieces-sonores\">\n\t\t\t<div class=\"elementor-post__card\">\n\t\t\t\t<a class=\"elementor-post__thumbnail__link\" href=\"https:\/\/pepason.fr\/?wpdmpro=entre-nous\" target=\"_blank\"><div class=\"elementor-post__thumbnail\"><img width=\"300\" height=\"276\" src=\"https:\/\/pepason.fr\/wp-content\/uploads\/2023\/08\/Entre-nous-300x276.jpg\" class=\"attachment-medium size-medium\" alt=\"\" loading=\"lazy\" srcset=\"https:\/\/pepason.fr\/wp-content\/uploads\/2023\/08\/Entre-nous-300x276.jpg 300w, https:\/\/pepason.fr\/wp-content\/uploads\/2023\/08\/Entre-nous-1024x943.jpg 1024w, https:\/\/pepason.fr\/wp-content\/uploads\/2023\/08\/Entre-nous-768x708.jpg 768w, https:\/\/pepason.fr\/wp-content\/uploads\/2023\/08\/Entre-nous.jpg 1221w\" sizes=\"(max-width: 300px) 100vw, 300px\" \/><\/div><\/a>\n\t\t\t\t<div class=\"elementor-post__text\">\n\t\t\t\t<h6 class=\"elementor-post__title\">\n\t\t\t<a href=\"https:\/\/pepason.fr\/?wpdmpro=entre-nous\" target=&quot;_blank&quot;>\n\t\t\t\tEntre Nous\t\t\t<\/a>\n\t\t<\/h6>\n\t\t\n\t\t<a class=\"elementor-post__read-more\" href=\"https:\/\/pepason.fr\/?wpdmpro=entre-nous\" target=\"_blank\">\n\t\t\tRead More \u00bb\t\t<\/a>\n\n\t\t\t\t<\/div>\n\t\t\t\t<div class=\"elementor-post__meta-data\">\n\t\t\t\t\t<span class=\"elementor-post-date\">\n\t\t\t13 ao\u00fbt 2023\t\t<\/span>\n\t\t\t\t<\/div>\n\t\t\t\t\t<\/div>\n\t\t<\/article>\n\t\t\t\t<article class=\"elementor-post elementor-grid-item post-4436 wpdmpro type-wpdmpro status-publish has-post-thumbnail hentry wpdmcategory-editions-pepason wpdmcategory-pieces-sonores\">\n\t\t\t<div class=\"elementor-post__card\">\n\t\t\t\t<a class=\"elementor-post__thumbnail__link\" href=\"https:\/\/pepason.fr\/?wpdmpro=dans-la-rue\" target=\"_blank\"><div class=\"elementor-post__thumbnail\"><img width=\"300\" height=\"300\" src=\"https:\/\/pepason.fr\/wp-content\/uploads\/2023\/08\/Photos_DansLaRue-1-300x300.jpeg\" class=\"attachment-medium size-medium\" alt=\"\" loading=\"lazy\" srcset=\"https:\/\/pepason.fr\/wp-content\/uploads\/2023\/08\/Photos_DansLaRue-1-300x300.jpeg 300w, https:\/\/pepason.fr\/wp-content\/uploads\/2023\/08\/Photos_DansLaRue-1-150x150.jpeg 150w, https:\/\/pepason.fr\/wp-content\/uploads\/2023\/08\/Photos_DansLaRue-1-768x768.jpeg 768w, https:\/\/pepason.fr\/wp-content\/uploads\/2023\/08\/Photos_DansLaRue-1.jpeg 885w\" sizes=\"(max-width: 300px) 100vw, 300px\" \/><\/div><\/a>\n\t\t\t\t<div class=\"elementor-post__text\">\n\t\t\t\t<h6 class=\"elementor-post__title\">\n\t\t\t<a href=\"https:\/\/pepason.fr\/?wpdmpro=dans-la-rue\" target=&quot;_blank&quot;>\n\t\t\t\tDans la Rue\t\t\t<\/a>\n\t\t<\/h6>\n\t\t\n\t\t<a class=\"elementor-post__read-more\" href=\"https:\/\/pepason.fr\/?wpdmpro=dans-la-rue\" target=\"_blank\">\n\t\t\tRead More \u00bb\t\t<\/a>\n\n\t\t\t\t<\/div>\n\t\t\t\t<div class=\"elementor-post__meta-data\">\n\t\t\t\t\t<span class=\"elementor-post-date\">\n\t\t\t13 ao\u00fbt 2023\t\t<\/span>\n\t\t\t\t<\/div>\n\t\t\t\t\t<\/div>\n\t\t<\/article>\n\t\t\t\t<article class=\"elementor-post elementor-grid-item post-1395 wpdmpro type-wpdmpro status-publish has-post-thumbnail hentry wpdmcategory-livre wpdmcategory-livret-peda\">\n\t\t\t<div class=\"elementor-post__card\">\n\t\t\t\t<a class=\"elementor-post__thumbnail__link\" href=\"https:\/\/pepason.fr\/?wpdmpro=a-sound-education-r-m-schafer-1992\" target=\"_blank\"><div class=\"elementor-post__thumbnail\"><img width=\"212\" height=\"300\" src=\"https:\/\/pepason.fr\/wp-content\/uploads\/2021\/05\/N-3914-13246_visuel-212x300.jpg\" class=\"attachment-medium size-medium\" alt=\"\" loading=\"lazy\" srcset=\"https:\/\/pepason.fr\/wp-content\/uploads\/2021\/05\/N-3914-13246_visuel-212x300.jpg 212w, https:\/\/pepason.fr\/wp-content\/uploads\/2021\/05\/N-3914-13246_visuel.jpg 224w\" sizes=\"(max-width: 212px) 100vw, 212px\" \/><\/div><\/a>\n\t\t\t\t<div class=\"elementor-post__text\">\n\t\t\t\t<h6 class=\"elementor-post__title\">\n\t\t\t<a href=\"https:\/\/pepason.fr\/?wpdmpro=a-sound-education-r-m-schafer-1992\" target=&quot;_blank&quot;>\n\t\t\t\tA sound education &#8211; R.M. Schafer (1992)\t\t\t<\/a>\n\t\t<\/h6>\n\t\t\n\t\t<a class=\"elementor-post__read-more\" href=\"https:\/\/pepason.fr\/?wpdmpro=a-sound-education-r-m-schafer-1992\" target=\"_blank\">\n\t\t\tRead More \u00bb\t\t<\/a>\n\n\t\t\t\t<\/div>\n\t\t\t\t<div class=\"elementor-post__meta-data\">\n\t\t\t\t\t<span class=\"elementor-post-date\">\n\t\t\t19 mai 2021\t\t<\/span>\n\t\t\t\t<\/div>\n\t\t\t\t\t<\/div>\n\t\t<\/article>\n\t\t\t\t<\/div>\n\n\n\t\t\n\t\t\t\t<div class=\"e-load-more-anchor\" data-page=\"1\" data-max-page=\"4\" data-next-page=\"https:\/\/pepason.fr\/index.php?rest_route=%2Fwp%2Fv2%2Fpages%2F273&#038;paged=2\"><\/div>\n\t\t\t\t<nav class=\"elementor-pagination\" role=\"navigation\" aria-label=\"Pagination\">\n\t\t\t<span class=\"page-numbers prev\">&laquo; Previous  <\/span>\n<a class=\"page-numbers next\" href=\"https:\/\/pepason.fr\/index.php?rest_route=%2Fwp%2Fv2%2Fpages%2F273&#038;paged=2\">  Next &raquo;<\/a>\t\t<\/nav>\n\t\t\t\t<\/div>\n\t\t\t\t<\/div>\n\t\t\t\t\t\t<\/div>\n\t\t\t\t\t<\/div>\n\t\t<\/div>\n\t\t\t\t\t\t\t\t<\/div>\n\t\t\t\t\t<\/div>\n\t\t<\/section>\n\t\t\t\t\t\t\t\t\t<\/div>\n\t\t\t<\/div>\n\t\t\t\t\t<\/div>\n\t\t","protected":false},"excerpt":{"rendered":"<p>Ludoth\u00e8que p\u00e9dacoustique Le collectif PePaSon met \u00e0 votre disposition toutes ses ressources p\u00e9dagogiques ! Toutes ? Oui, toutes&#8230;\u00a0 Nous luttons contre la propri\u00e9t\u00e9 intellectuelle lucrative.<\/p>\n","protected":false},"author":1,"featured_media":0,"parent":257,"menu_order":0,"comment_status":"closed","ping_status":"closed","template":"","meta":{"_monsterinsights_skip_tracking":false,"_monsterinsights_sitenote_active":false,"_monsterinsights_sitenote_note":"","_monsterinsights_sitenote_category":0,"cybocfi_hide_featured_image":""},"post_mailing_queue_ids":[],"_links":{"self":[{"href":"https:\/\/pepason.fr\/index.php?rest_route=\/wp\/v2\/pages\/273"}],"collection":[{"href":"https:\/\/pepason.fr\/index.php?rest_route=\/wp\/v2\/pages"}],"about":[{"href":"https:\/\/pepason.fr\/index.php?rest_route=\/wp\/v2\/types\/page"}],"author":[{"embeddable":true,"href":"https:\/\/pepason.fr\/index.php?rest_route=\/wp\/v2\/users\/1"}],"replies":[{"embeddable":true,"href":"https:\/\/pepason.fr\/index.php?rest_route=%2Fwp%2Fv2%2Fcomments&post=273"}],"version-history":[{"count":17,"href":"https:\/\/pepason.fr\/index.php?rest_route=\/wp\/v2\/pages\/273\/revisions"}],"predecessor-version":[{"id":852,"href":"https:\/\/pepason.fr\/index.php?rest_route=\/wp\/v2\/pages\/273\/revisions\/852"}],"up":[{"embeddable":true,"href":"https:\/\/pepason.fr\/index.php?rest_route=\/wp\/v2\/pages\/257"}],"wp:attachment":[{"href":"https:\/\/pepason.fr\/index.php?rest_route=%2Fwp%2Fv2%2Fmedia&parent=273"}],"curies":[{"name":"wp","href":"https:\/\/api.w.org\/{rel}","templated":true}]}}