{"id":555,"date":"2020-09-03T16:35:30","date_gmt":"2020-09-03T14:35:30","guid":{"rendered":"http:\/\/pepason.fr\/?page_id=555"},"modified":"2020-11-20T22:18:40","modified_gmt":"2020-11-20T21:18:40","slug":"ludotheque-additionnel","status":"publish","type":"page","link":"https:\/\/pepason.fr\/?page_id=555","title":{"rendered":"Ludoth\u00e8que additionnel"},"content":{"rendered":"\t\t<div data-elementor-type=\"wp-page\" data-elementor-id=\"555\" class=\"elementor elementor-555\">\n\t\t\t\t\t\t<div class=\"elementor-inner\">\n\t\t\t\t<div class=\"elementor-section-wrap\">\n\t\t\t\t\t\t\t\t\t<section class=\"elementor-section elementor-top-section elementor-element elementor-element-9bc6043 elementor-section-boxed elementor-section-height-default elementor-section-height-default\" data-id=\"9bc6043\" data-element_type=\"section\">\n\t\t\t\t\t\t<div class=\"elementor-container elementor-column-gap-default\">\n\t\t\t\t\t\t\t<div class=\"elementor-row\">\n\t\t\t\t\t<div class=\"elementor-column elementor-col-100 elementor-top-column elementor-element elementor-element-53b4746\" data-id=\"53b4746\" data-element_type=\"column\">\n\t\t\t<div class=\"elementor-column-wrap elementor-element-populated\">\n\t\t\t\t\t\t\t<div class=\"elementor-widget-wrap\">\n\t\t\t\t\t\t<div class=\"elementor-element elementor-element-c802ee0 elementor-widget elementor-widget-heading\" data-id=\"c802ee0\" data-element_type=\"widget\" data-widget_type=\"heading.default\">\n\t\t\t\t<div class=\"elementor-widget-container\">\n\t\t\t<h2 class=\"elementor-heading-title elementor-size-default\">Contenu additionnel de la ludoth\u00e8que<\/h2>\t\t<\/div>\n\t\t\t\t<\/div>\n\t\t\t\t<div class=\"elementor-element elementor-element-c7d008b elementor-widget elementor-widget-text-editor\" data-id=\"c7d008b\" data-element_type=\"widget\" data-widget_type=\"text-editor.default\">\n\t\t\t\t<div class=\"elementor-widget-container\">\n\t\t\t\t\t\t\t\t<div class=\"elementor-text-editor elementor-clearfix\">\n\t\t\t\t<p>des cartes, des sons, des tableaux, des serviettes et des torchons&#8230; Plus que des goodies vous trouverez un tas de petites choses pour vous aider dans vos activit\u00e9s ! Servez-vous c&#8217;est gratuit ! Mais pensez \u00e0 en parler autour de vous \ud83d\ude09<\/p><p>(<a href=\"https:\/\/creativecommons.org\/licenses\/by-nc\/3.0\/\">Licence \u00e0 consulter<\/a>)<\/p>\t\t\t\t\t<\/div>\n\t\t\t\t\t\t<\/div>\n\t\t\t\t<\/div>\n\t\t\t\t<div class=\"elementor-element elementor-element-840edd1 elementor-widget elementor-widget-image\" data-id=\"840edd1\" data-element_type=\"widget\" data-widget_type=\"image.default\">\n\t\t\t\t<div class=\"elementor-widget-container\">\n\t\t\t\t\t\t\t\t<div class=\"elementor-image\">\n\t\t\t\t\t\t\t\t\t\t\t\t<img src=\"https:\/\/pepason.fr\/wp-content\/uploads\/2020\/09\/licenceCC.png\" title=\"licenceCC\" alt=\"licenceCC\" \/>\t\t\t\t\t\t\t\t\t\t\t\t\t\t<\/div>\n\t\t\t\t\t\t<\/div>\n\t\t\t\t<\/div>\n\t\t\t\t<div class=\"elementor-element elementor-element-23e014c elementor-widget-divider--view-line elementor-widget elementor-widget-divider\" data-id=\"23e014c\" data-element_type=\"widget\" data-widget_type=\"divider.default\">\n\t\t\t\t<div class=\"elementor-widget-container\">\n\t\t\t\t\t<div class=\"elementor-divider\">\n\t\t\t<span class=\"elementor-divider-separator\">\n\t\t\t\t\t\t<\/span>\n\t\t<\/div>\n\t\t\t\t<\/div>\n\t\t\t\t<\/div>\n\t\t\t\t<div class=\"elementor-element elementor-element-9af48e7 elementor-grid-4 elementor-grid-tablet-2 elementor-grid-mobile-1 elementor-posts--thumbnail-top elementor-card-shadow-yes elementor-posts__hover-gradient elementor-widget elementor-widget-posts\" data-id=\"9af48e7\" data-element_type=\"widget\" data-settings=\"{&quot;cards_columns&quot;:&quot;4&quot;,&quot;cards_columns_tablet&quot;:&quot;2&quot;,&quot;cards_columns_mobile&quot;:&quot;1&quot;,&quot;cards_row_gap&quot;:{&quot;unit&quot;:&quot;px&quot;,&quot;size&quot;:35,&quot;sizes&quot;:[]},&quot;cards_row_gap_tablet&quot;:{&quot;unit&quot;:&quot;px&quot;,&quot;size&quot;:&quot;&quot;,&quot;sizes&quot;:[]},&quot;cards_row_gap_mobile&quot;:{&quot;unit&quot;:&quot;px&quot;,&quot;size&quot;:&quot;&quot;,&quot;sizes&quot;:[]}}\" data-widget_type=\"posts.cards\">\n\t\t\t\t<div class=\"elementor-widget-container\">\n\t\t\t\t\t<div class=\"elementor-posts-container elementor-posts elementor-posts--skin-cards elementor-grid\">\n\t\t\t\t<article class=\"elementor-post elementor-grid-item post-4451 wpdmpro type-wpdmpro status-publish has-post-thumbnail hentry wpdmcategory-editions-pepason wpdmcategory-pieces-sonores\">\n\t\t\t<div class=\"elementor-post__card\">\n\t\t\t\t<a class=\"elementor-post__thumbnail__link\" href=\"https:\/\/pepason.fr\/?wpdmpro=barbecue\" target=\"_blank\"><div class=\"elementor-post__thumbnail\"><img width=\"300\" height=\"300\" src=\"https:\/\/pepason.fr\/wp-content\/uploads\/2023\/08\/Barbecue_piecesonore-300x300.jpg\" class=\"attachment-medium size-medium\" alt=\"\" loading=\"lazy\" srcset=\"https:\/\/pepason.fr\/wp-content\/uploads\/2023\/08\/Barbecue_piecesonore-300x300.jpg 300w, https:\/\/pepason.fr\/wp-content\/uploads\/2023\/08\/Barbecue_piecesonore-1024x1021.jpg 1024w, https:\/\/pepason.fr\/wp-content\/uploads\/2023\/08\/Barbecue_piecesonore-150x150.jpg 150w, https:\/\/pepason.fr\/wp-content\/uploads\/2023\/08\/Barbecue_piecesonore-768x765.jpg 768w, https:\/\/pepason.fr\/wp-content\/uploads\/2023\/08\/Barbecue_piecesonore.jpg 1200w\" sizes=\"(max-width: 300px) 100vw, 300px\" \/><\/div><\/a>\n\t\t\t\t<div class=\"elementor-post__text\">\n\t\t\t\t<h6 class=\"elementor-post__title\">\n\t\t\t<a href=\"https:\/\/pepason.fr\/?wpdmpro=barbecue\" target=&quot;_blank&quot;>\n\t\t\t\tBarbecue\t\t\t<\/a>\n\t\t<\/h6>\n\t\t\n\t\t<a class=\"elementor-post__read-more\" href=\"https:\/\/pepason.fr\/?wpdmpro=barbecue\" target=\"_blank\">\n\t\t\tD\u00e9couvrir \u00bb\t\t<\/a>\n\n\t\t\t\t<\/div>\n\t\t\t\t<div class=\"elementor-post__meta-data\">\n\t\t\t\t\t<span class=\"elementor-post-date\">\n\t\t\t13 ao\u00fbt 2023\t\t<\/span>\n\t\t\t\t<\/div>\n\t\t\t\t\t<\/div>\n\t\t<\/article>\n\t\t\t\t<article class=\"elementor-post elementor-grid-item post-4445 wpdmpro type-wpdmpro status-publish has-post-thumbnail hentry wpdmcategory-editions-pepason wpdmcategory-pieces-sonores\">\n\t\t\t<div class=\"elementor-post__card\">\n\t\t\t\t<a class=\"elementor-post__thumbnail__link\" href=\"https:\/\/pepason.fr\/?wpdmpro=entre-nous\" target=\"_blank\"><div class=\"elementor-post__thumbnail\"><img width=\"300\" height=\"276\" src=\"https:\/\/pepason.fr\/wp-content\/uploads\/2023\/08\/Entre-nous-300x276.jpg\" class=\"attachment-medium size-medium\" alt=\"\" loading=\"lazy\" srcset=\"https:\/\/pepason.fr\/wp-content\/uploads\/2023\/08\/Entre-nous-300x276.jpg 300w, https:\/\/pepason.fr\/wp-content\/uploads\/2023\/08\/Entre-nous-1024x943.jpg 1024w, https:\/\/pepason.fr\/wp-content\/uploads\/2023\/08\/Entre-nous-768x708.jpg 768w, https:\/\/pepason.fr\/wp-content\/uploads\/2023\/08\/Entre-nous.jpg 1221w\" sizes=\"(max-width: 300px) 100vw, 300px\" \/><\/div><\/a>\n\t\t\t\t<div class=\"elementor-post__text\">\n\t\t\t\t<h6 class=\"elementor-post__title\">\n\t\t\t<a href=\"https:\/\/pepason.fr\/?wpdmpro=entre-nous\" target=&quot;_blank&quot;>\n\t\t\t\tEntre Nous\t\t\t<\/a>\n\t\t<\/h6>\n\t\t\n\t\t<a class=\"elementor-post__read-more\" href=\"https:\/\/pepason.fr\/?wpdmpro=entre-nous\" target=\"_blank\">\n\t\t\tD\u00e9couvrir \u00bb\t\t<\/a>\n\n\t\t\t\t<\/div>\n\t\t\t\t<div class=\"elementor-post__meta-data\">\n\t\t\t\t\t<span class=\"elementor-post-date\">\n\t\t\t13 ao\u00fbt 2023\t\t<\/span>\n\t\t\t\t<\/div>\n\t\t\t\t\t<\/div>\n\t\t<\/article>\n\t\t\t\t<article class=\"elementor-post elementor-grid-item post-4436 wpdmpro type-wpdmpro status-publish has-post-thumbnail hentry wpdmcategory-editions-pepason wpdmcategory-pieces-sonores\">\n\t\t\t<div class=\"elementor-post__card\">\n\t\t\t\t<a class=\"elementor-post__thumbnail__link\" href=\"https:\/\/pepason.fr\/?wpdmpro=dans-la-rue\" target=\"_blank\"><div class=\"elementor-post__thumbnail\"><img width=\"300\" height=\"300\" src=\"https:\/\/pepason.fr\/wp-content\/uploads\/2023\/08\/Photos_DansLaRue-1-300x300.jpeg\" class=\"attachment-medium size-medium\" alt=\"\" loading=\"lazy\" srcset=\"https:\/\/pepason.fr\/wp-content\/uploads\/2023\/08\/Photos_DansLaRue-1-300x300.jpeg 300w, https:\/\/pepason.fr\/wp-content\/uploads\/2023\/08\/Photos_DansLaRue-1-150x150.jpeg 150w, https:\/\/pepason.fr\/wp-content\/uploads\/2023\/08\/Photos_DansLaRue-1-768x768.jpeg 768w, https:\/\/pepason.fr\/wp-content\/uploads\/2023\/08\/Photos_DansLaRue-1.jpeg 885w\" sizes=\"(max-width: 300px) 100vw, 300px\" \/><\/div><\/a>\n\t\t\t\t<div class=\"elementor-post__text\">\n\t\t\t\t<h6 class=\"elementor-post__title\">\n\t\t\t<a href=\"https:\/\/pepason.fr\/?wpdmpro=dans-la-rue\" target=&quot;_blank&quot;>\n\t\t\t\tDans la Rue\t\t\t<\/a>\n\t\t<\/h6>\n\t\t\n\t\t<a class=\"elementor-post__read-more\" href=\"https:\/\/pepason.fr\/?wpdmpro=dans-la-rue\" target=\"_blank\">\n\t\t\tD\u00e9couvrir \u00bb\t\t<\/a>\n\n\t\t\t\t<\/div>\n\t\t\t\t<div class=\"elementor-post__meta-data\">\n\t\t\t\t\t<span class=\"elementor-post-date\">\n\t\t\t13 ao\u00fbt 2023\t\t<\/span>\n\t\t\t\t<\/div>\n\t\t\t\t\t<\/div>\n\t\t<\/article>\n\t\t\t\t<article class=\"elementor-post elementor-grid-item post-1395 wpdmpro type-wpdmpro status-publish has-post-thumbnail hentry wpdmcategory-livre wpdmcategory-livret-peda\">\n\t\t\t<div class=\"elementor-post__card\">\n\t\t\t\t<a class=\"elementor-post__thumbnail__link\" href=\"https:\/\/pepason.fr\/?wpdmpro=a-sound-education-r-m-schafer-1992\" target=\"_blank\"><div class=\"elementor-post__thumbnail\"><img width=\"212\" height=\"300\" src=\"https:\/\/pepason.fr\/wp-content\/uploads\/2021\/05\/N-3914-13246_visuel-212x300.jpg\" class=\"attachment-medium size-medium\" alt=\"\" loading=\"lazy\" srcset=\"https:\/\/pepason.fr\/wp-content\/uploads\/2021\/05\/N-3914-13246_visuel-212x300.jpg 212w, https:\/\/pepason.fr\/wp-content\/uploads\/2021\/05\/N-3914-13246_visuel.jpg 224w\" sizes=\"(max-width: 212px) 100vw, 212px\" \/><\/div><\/a>\n\t\t\t\t<div class=\"elementor-post__text\">\n\t\t\t\t<h6 class=\"elementor-post__title\">\n\t\t\t<a href=\"https:\/\/pepason.fr\/?wpdmpro=a-sound-education-r-m-schafer-1992\" target=&quot;_blank&quot;>\n\t\t\t\tA sound education &#8211; R.M. Schafer (1992)\t\t\t<\/a>\n\t\t<\/h6>\n\t\t\n\t\t<a class=\"elementor-post__read-more\" href=\"https:\/\/pepason.fr\/?wpdmpro=a-sound-education-r-m-schafer-1992\" target=\"_blank\">\n\t\t\tD\u00e9couvrir \u00bb\t\t<\/a>\n\n\t\t\t\t<\/div>\n\t\t\t\t<div class=\"elementor-post__meta-data\">\n\t\t\t\t\t<span class=\"elementor-post-date\">\n\t\t\t19 mai 2021\t\t<\/span>\n\t\t\t\t<\/div>\n\t\t\t\t\t<\/div>\n\t\t<\/article>\n\t\t\t\t<article class=\"elementor-post elementor-grid-item post-1288 wpdmpro type-wpdmpro status-publish has-post-thumbnail hentry\">\n\t\t\t<div class=\"elementor-post__card\">\n\t\t\t\t<a class=\"elementor-post__thumbnail__link\" href=\"https:\/\/pepason.fr\/?wpdmpro=activite-reves-doiseaux-2\" target=\"_blank\"><div class=\"elementor-post__thumbnail\"><img width=\"300\" height=\"300\" src=\"https:\/\/pepason.fr\/wp-content\/uploads\/2021\/04\/Capture_CarteIbisVert-300x300.png\" class=\"attachment-medium size-medium\" alt=\"\" loading=\"lazy\" srcset=\"https:\/\/pepason.fr\/wp-content\/uploads\/2021\/04\/Capture_CarteIbisVert-300x300.png 300w, https:\/\/pepason.fr\/wp-content\/uploads\/2021\/04\/Capture_CarteIbisVert-150x150.png 150w, https:\/\/pepason.fr\/wp-content\/uploads\/2021\/04\/Capture_CarteIbisVert-560x560.png 560w, https:\/\/pepason.fr\/wp-content\/uploads\/2021\/04\/Capture_CarteIbisVert.png 644w\" sizes=\"(max-width: 300px) 100vw, 300px\" \/><\/div><\/a>\n\t\t\t\t<div class=\"elementor-post__text\">\n\t\t\t\t<h6 class=\"elementor-post__title\">\n\t\t\t<a href=\"https:\/\/pepason.fr\/?wpdmpro=activite-reves-doiseaux-2\" target=&quot;_blank&quot;>\n\t\t\t\tActivit\u00e9 \/ Jeu &#8211; R\u00eaves d&#8217;Oiseaux GUYANE\t\t\t<\/a>\n\t\t<\/h6>\n\t\t\n\t\t<a class=\"elementor-post__read-more\" href=\"https:\/\/pepason.fr\/?wpdmpro=activite-reves-doiseaux-2\" target=\"_blank\">\n\t\t\tD\u00e9couvrir \u00bb\t\t<\/a>\n\n\t\t\t\t<\/div>\n\t\t\t\t<div class=\"elementor-post__meta-data\">\n\t\t\t\t\t<span class=\"elementor-post-date\">\n\t\t\t6 avril 2021\t\t<\/span>\n\t\t\t\t<\/div>\n\t\t\t\t\t<\/div>\n\t\t<\/article>\n\t\t\t\t<article class=\"elementor-post elementor-grid-item post-967 wpdmpro type-wpdmpro status-publish has-post-thumbnail hentry wpdmcategory-livret-peda\">\n\t\t\t<div class=\"elementor-post__card\">\n\t\t\t\t<a class=\"elementor-post__thumbnail__link\" href=\"https:\/\/pepason.fr\/?wpdmpro=livret-pedagogique-biodiversite-et-paysages-sonores\" target=\"_blank\"><div class=\"elementor-post__thumbnail\"><img width=\"209\" height=\"300\" src=\"https:\/\/pepason.fr\/wp-content\/uploads\/2021\/02\/Image_Livret_enier-209x300.png\" class=\"attachment-medium size-medium\" alt=\"\" loading=\"lazy\" srcset=\"https:\/\/pepason.fr\/wp-content\/uploads\/2021\/02\/Image_Livret_enier-209x300.png 209w, https:\/\/pepason.fr\/wp-content\/uploads\/2021\/02\/Image_Livret_enier.png 531w\" sizes=\"(max-width: 209px) 100vw, 209px\" \/><\/div><\/a>\n\t\t\t\t<div class=\"elementor-post__text\">\n\t\t\t\t<h6 class=\"elementor-post__title\">\n\t\t\t<a href=\"https:\/\/pepason.fr\/?wpdmpro=livret-pedagogique-biodiversite-et-paysages-sonores\" target=&quot;_blank&quot;>\n\t\t\t\t[PePaSon] Livret p\u00e9dagogique &#8211; Biodiversit\u00e9 et paysages sonores\t\t\t<\/a>\n\t\t<\/h6>\n\t\t\n\t\t<a class=\"elementor-post__read-more\" href=\"https:\/\/pepason.fr\/?wpdmpro=livret-pedagogique-biodiversite-et-paysages-sonores\" target=\"_blank\">\n\t\t\tD\u00e9couvrir \u00bb\t\t<\/a>\n\n\t\t\t\t<\/div>\n\t\t\t\t<div class=\"elementor-post__meta-data\">\n\t\t\t\t\t<span class=\"elementor-post-date\">\n\t\t\t6 f\u00e9vrier 2021\t\t<\/span>\n\t\t\t\t<\/div>\n\t\t\t\t\t<\/div>\n\t\t<\/article>\n\t\t\t\t<article class=\"elementor-post elementor-grid-item post-849 wpdmpro type-wpdmpro status-publish has-post-thumbnail hentry wpdmcategory-outils\">\n\t\t\t<div class=\"elementor-post__card\">\n\t\t\t\t<a class=\"elementor-post__thumbnail__link\" href=\"https:\/\/pepason.fr\/?wpdmpro=outil-activite-statistiques-sonores-et-definir-le-paysage-sonore-dun-lieu\" target=\"_blank\"><div class=\"elementor-post__thumbnail\"><img width=\"300\" height=\"155\" src=\"https:\/\/pepason.fr\/wp-content\/uploads\/2020\/11\/DefPS_plateau_capture-300x155.png\" class=\"attachment-medium size-medium\" alt=\"\" loading=\"lazy\" srcset=\"https:\/\/pepason.fr\/wp-content\/uploads\/2020\/11\/DefPS_plateau_capture-300x155.png 300w, https:\/\/pepason.fr\/wp-content\/uploads\/2020\/11\/DefPS_plateau_capture-1024x529.png 1024w, https:\/\/pepason.fr\/wp-content\/uploads\/2020\/11\/DefPS_plateau_capture-768x397.png 768w, https:\/\/pepason.fr\/wp-content\/uploads\/2020\/11\/DefPS_plateau_capture.png 1493w\" sizes=\"(max-width: 300px) 100vw, 300px\" \/><\/div><\/a>\n\t\t\t\t<div class=\"elementor-post__text\">\n\t\t\t\t<h6 class=\"elementor-post__title\">\n\t\t\t<a href=\"https:\/\/pepason.fr\/?wpdmpro=outil-activite-statistiques-sonores-et-definir-le-paysage-sonore-dun-lieu\" target=&quot;_blank&quot;>\n\t\t\t\tOutil &#038; Activit\u00e9 &#8211; Statistiques sonores et &#8220;D\u00e9finir le Paysage Sonore d&#8217;un Lieu&#8221;\t\t\t<\/a>\n\t\t<\/h6>\n\t\t\n\t\t<a class=\"elementor-post__read-more\" href=\"https:\/\/pepason.fr\/?wpdmpro=outil-activite-statistiques-sonores-et-definir-le-paysage-sonore-dun-lieu\" target=\"_blank\">\n\t\t\tD\u00e9couvrir \u00bb\t\t<\/a>\n\n\t\t\t\t<\/div>\n\t\t\t\t<div class=\"elementor-post__meta-data\">\n\t\t\t\t\t<span class=\"elementor-post-date\">\n\t\t\t20 novembre 2020\t\t<\/span>\n\t\t\t\t<\/div>\n\t\t\t\t\t<\/div>\n\t\t<\/article>\n\t\t\t\t<article class=\"elementor-post elementor-grid-item post-845 wpdmpro type-wpdmpro status-publish has-post-thumbnail hentry wpdmcategory-outils\">\n\t\t\t<div class=\"elementor-post__card\">\n\t\t\t\t<a class=\"elementor-post__thumbnail__link\" href=\"https:\/\/pepason.fr\/?wpdmpro=outil-support-frequences-et-echelles\" target=\"_blank\"><div class=\"elementor-post__thumbnail\"><img width=\"267\" height=\"300\" src=\"https:\/\/pepason.fr\/wp-content\/uploads\/2020\/11\/FriseFr\u00e9quences_Capture_Image-267x300.png\" class=\"attachment-medium size-medium\" alt=\"\" loading=\"lazy\" srcset=\"https:\/\/pepason.fr\/wp-content\/uploads\/2020\/11\/FriseFr\u00e9quences_Capture_Image-267x300.png 267w, https:\/\/pepason.fr\/wp-content\/uploads\/2020\/11\/FriseFr\u00e9quences_Capture_Image.png 685w\" sizes=\"(max-width: 267px) 100vw, 267px\" \/><\/div><\/a>\n\t\t\t\t<div class=\"elementor-post__text\">\n\t\t\t\t<h6 class=\"elementor-post__title\">\n\t\t\t<a href=\"https:\/\/pepason.fr\/?wpdmpro=outil-support-frequences-et-echelles\" target=&quot;_blank&quot;>\n\t\t\t\tOutil &#038; Activit\u00e9 &#8211; Support &#8211; Fr\u00e9quences et &#8220;La for\u00eat comme un orchestre&#8221;\t\t\t<\/a>\n\t\t<\/h6>\n\t\t\n\t\t<a class=\"elementor-post__read-more\" href=\"https:\/\/pepason.fr\/?wpdmpro=outil-support-frequences-et-echelles\" target=\"_blank\">\n\t\t\tD\u00e9couvrir \u00bb\t\t<\/a>\n\n\t\t\t\t<\/div>\n\t\t\t\t<div class=\"elementor-post__meta-data\">\n\t\t\t\t\t<span class=\"elementor-post-date\">\n\t\t\t20 novembre 2020\t\t<\/span>\n\t\t\t\t<\/div>\n\t\t\t\t\t<\/div>\n\t\t<\/article>\n\t\t\t\t<article class=\"elementor-post elementor-grid-item post-840 wpdmpro type-wpdmpro status-publish has-post-thumbnail hentry wpdmcategory-outils\">\n\t\t\t<div class=\"elementor-post__card\">\n\t\t\t\t<a class=\"elementor-post__thumbnail__link\" href=\"https:\/\/pepason.fr\/?wpdmpro=activite-biotemporalite-support-et-suggestions\" target=\"_blank\"><div class=\"elementor-post__thumbnail\"><img width=\"300\" height=\"154\" src=\"https:\/\/pepason.fr\/wp-content\/uploads\/2020\/11\/Capture-300x154.png\" class=\"attachment-medium size-medium\" alt=\"\" loading=\"lazy\" srcset=\"https:\/\/pepason.fr\/wp-content\/uploads\/2020\/11\/Capture-300x154.png 300w, https:\/\/pepason.fr\/wp-content\/uploads\/2020\/11\/Capture-1024x526.png 1024w, https:\/\/pepason.fr\/wp-content\/uploads\/2020\/11\/Capture-768x394.png 768w, https:\/\/pepason.fr\/wp-content\/uploads\/2020\/11\/Capture.png 1358w\" sizes=\"(max-width: 300px) 100vw, 300px\" \/><\/div><\/a>\n\t\t\t\t<div class=\"elementor-post__text\">\n\t\t\t\t<h6 class=\"elementor-post__title\">\n\t\t\t<a href=\"https:\/\/pepason.fr\/?wpdmpro=activite-biotemporalite-support-et-suggestions\" target=&quot;_blank&quot;>\n\t\t\t\tOutil &#038; Activit\u00e9 &#8211; Support &#8211; Frise intensit\u00e9*temps et &#8220;Biotemporalit\u00e9&#8221;\t\t\t<\/a>\n\t\t<\/h6>\n\t\t\n\t\t<a class=\"elementor-post__read-more\" href=\"https:\/\/pepason.fr\/?wpdmpro=activite-biotemporalite-support-et-suggestions\" target=\"_blank\">\n\t\t\tD\u00e9couvrir \u00bb\t\t<\/a>\n\n\t\t\t\t<\/div>\n\t\t\t\t<div class=\"elementor-post__meta-data\">\n\t\t\t\t\t<span class=\"elementor-post-date\">\n\t\t\t20 novembre 2020\t\t<\/span>\n\t\t\t\t<\/div>\n\t\t\t\t\t<\/div>\n\t\t<\/article>\n\t\t\t\t<article class=\"elementor-post elementor-grid-item post-656 wpdmpro type-wpdmpro status-publish has-post-thumbnail hentry wpdmcategory-outils\">\n\t\t\t<div class=\"elementor-post__card\">\n\t\t\t\t<a class=\"elementor-post__thumbnail__link\" href=\"https:\/\/pepason.fr\/?wpdmpro=outil-fiche-terrain-pour-faire-un-point-decoute\" target=\"_blank\"><div class=\"elementor-post__thumbnail\"><img width=\"218\" height=\"300\" src=\"https:\/\/pepason.fr\/wp-content\/uploads\/2020\/08\/0-3-218x300.jpg\" class=\"attachment-medium size-medium\" alt=\"\" loading=\"lazy\" srcset=\"https:\/\/pepason.fr\/wp-content\/uploads\/2020\/08\/0-3-218x300.jpg 218w, https:\/\/pepason.fr\/wp-content\/uploads\/2020\/08\/0-3-743x1024.jpg 743w, https:\/\/pepason.fr\/wp-content\/uploads\/2020\/08\/0-3-768x1058.jpg 768w, https:\/\/pepason.fr\/wp-content\/uploads\/2020\/08\/0-3-1115x1536.jpg 1115w, https:\/\/pepason.fr\/wp-content\/uploads\/2020\/08\/0-3.jpg 1304w\" sizes=\"(max-width: 218px) 100vw, 218px\" \/><\/div><\/a>\n\t\t\t\t<div class=\"elementor-post__text\">\n\t\t\t\t<h6 class=\"elementor-post__title\">\n\t\t\t<a href=\"https:\/\/pepason.fr\/?wpdmpro=outil-fiche-terrain-pour-faire-un-point-decoute\" target=&quot;_blank&quot;>\n\t\t\t\tOutil &#8211; Fiche terrain &#8211; Pour faire un point d&#8217;\u00e9coute\t\t\t<\/a>\n\t\t<\/h6>\n\t\t\n\t\t<a class=\"elementor-post__read-more\" href=\"https:\/\/pepason.fr\/?wpdmpro=outil-fiche-terrain-pour-faire-un-point-decoute\" target=\"_blank\">\n\t\t\tD\u00e9couvrir \u00bb\t\t<\/a>\n\n\t\t\t\t<\/div>\n\t\t\t\t<div class=\"elementor-post__meta-data\">\n\t\t\t\t\t<span class=\"elementor-post-date\">\n\t\t\t7 septembre 2020\t\t<\/span>\n\t\t\t\t<\/div>\n\t\t\t\t\t<\/div>\n\t\t<\/article>\n\t\t\t\t<article class=\"elementor-post elementor-grid-item post-625 wpdmpro type-wpdmpro status-publish has-post-thumbnail hentry wpdmcategory-jeu\">\n\t\t\t<div class=\"elementor-post__card\">\n\t\t\t\t<a class=\"elementor-post__thumbnail__link\" href=\"https:\/\/pepason.fr\/?wpdmpro=activite-reves-doiseaux\" target=\"_blank\"><div class=\"elementor-post__thumbnail\"><img width=\"300\" height=\"289\" src=\"https:\/\/pepason.fr\/wp-content\/uploads\/2020\/09\/Capture-300x289.png\" class=\"attachment-medium size-medium\" alt=\"\" loading=\"lazy\" srcset=\"https:\/\/pepason.fr\/wp-content\/uploads\/2020\/09\/Capture-300x289.png 300w, https:\/\/pepason.fr\/wp-content\/uploads\/2020\/09\/Capture.png 673w\" sizes=\"(max-width: 300px) 100vw, 300px\" \/><\/div><\/a>\n\t\t\t\t<div class=\"elementor-post__text\">\n\t\t\t\t<h6 class=\"elementor-post__title\">\n\t\t\t<a href=\"https:\/\/pepason.fr\/?wpdmpro=activite-reves-doiseaux\" target=&quot;_blank&quot;>\n\t\t\t\tActivit\u00e9 &#8211; R\u00eaves d&#8217;Oiseaux\t\t\t<\/a>\n\t\t<\/h6>\n\t\t\n\t\t<a class=\"elementor-post__read-more\" href=\"https:\/\/pepason.fr\/?wpdmpro=activite-reves-doiseaux\" target=\"_blank\">\n\t\t\tD\u00e9couvrir \u00bb\t\t<\/a>\n\n\t\t\t\t<\/div>\n\t\t\t\t<div class=\"elementor-post__meta-data\">\n\t\t\t\t\t<span class=\"elementor-post-date\">\n\t\t\t6 septembre 2020\t\t<\/span>\n\t\t\t\t<\/div>\n\t\t\t\t\t<\/div>\n\t\t<\/article>\n\t\t\t\t<article class=\"elementor-post elementor-grid-item post-477 wpdmpro type-wpdmpro status-publish has-post-thumbnail hentry wpdmcategory-exposition\">\n\t\t\t<div class=\"elementor-post__card\">\n\t\t\t\t<a class=\"elementor-post__thumbnail__link\" href=\"https:\/\/pepason.fr\/?wpdmpro=exposition-a-la-faveur-de-la-nuit\" target=\"_blank\"><div class=\"elementor-post__thumbnail\"><img width=\"212\" height=\"300\" src=\"https:\/\/pepason.fr\/wp-content\/uploads\/2020\/08\/Affiche_ExpoALaFaveurDeLaNuit-212x300.png\" class=\"attachment-medium size-medium\" alt=\"\" loading=\"lazy\" srcset=\"https:\/\/pepason.fr\/wp-content\/uploads\/2020\/08\/Affiche_ExpoALaFaveurDeLaNuit-212x300.png 212w, https:\/\/pepason.fr\/wp-content\/uploads\/2020\/08\/Affiche_ExpoALaFaveurDeLaNuit-724x1024.png 724w, https:\/\/pepason.fr\/wp-content\/uploads\/2020\/08\/Affiche_ExpoALaFaveurDeLaNuit-768x1086.png 768w, https:\/\/pepason.fr\/wp-content\/uploads\/2020\/08\/Affiche_ExpoALaFaveurDeLaNuit-1086x1536.png 1086w, https:\/\/pepason.fr\/wp-content\/uploads\/2020\/08\/Affiche_ExpoALaFaveurDeLaNuit-1448x2048.png 1448w\" sizes=\"(max-width: 212px) 100vw, 212px\" \/><\/div><\/a>\n\t\t\t\t<div class=\"elementor-post__text\">\n\t\t\t\t<h6 class=\"elementor-post__title\">\n\t\t\t<a href=\"https:\/\/pepason.fr\/?wpdmpro=exposition-a-la-faveur-de-la-nuit\" target=&quot;_blank&quot;>\n\t\t\t\tExposition &#8211; &#8220;A la faveur de la Nuit&#8221;\t\t\t<\/a>\n\t\t<\/h6>\n\t\t\n\t\t<a class=\"elementor-post__read-more\" href=\"https:\/\/pepason.fr\/?wpdmpro=exposition-a-la-faveur-de-la-nuit\" target=\"_blank\">\n\t\t\tD\u00e9couvrir \u00bb\t\t<\/a>\n\n\t\t\t\t<\/div>\n\t\t\t\t<div class=\"elementor-post__meta-data\">\n\t\t\t\t\t<span class=\"elementor-post-date\">\n\t\t\t27 ao\u00fbt 2020\t\t<\/span>\n\t\t\t\t<\/div>\n\t\t\t\t\t<\/div>\n\t\t<\/article>\n\t\t\t\t<article class=\"elementor-post elementor-grid-item post-575 wpdmpro type-wpdmpro status-publish has-post-thumbnail hentry wpdmcategory-jeu\">\n\t\t\t<div class=\"elementor-post__card\">\n\t\t\t\t<a class=\"elementor-post__thumbnail__link\" href=\"https:\/\/pepason.fr\/?wpdmpro=jeu-mon-paysage-sonore\" target=\"_blank\"><div class=\"elementor-post__thumbnail\"><img width=\"300\" height=\"200\" src=\"https:\/\/pepason.fr\/wp-content\/uploads\/2020\/09\/MONPS_PlateauDeJeu-300x200.jpg\" class=\"attachment-medium size-medium\" alt=\"\" loading=\"lazy\" srcset=\"https:\/\/pepason.fr\/wp-content\/uploads\/2020\/09\/MONPS_PlateauDeJeu-300x200.jpg 300w, https:\/\/pepason.fr\/wp-content\/uploads\/2020\/09\/MONPS_PlateauDeJeu-1024x683.jpg 1024w, https:\/\/pepason.fr\/wp-content\/uploads\/2020\/09\/MONPS_PlateauDeJeu-768x512.jpg 768w, https:\/\/pepason.fr\/wp-content\/uploads\/2020\/09\/MONPS_PlateauDeJeu-1536x1024.jpg 1536w, https:\/\/pepason.fr\/wp-content\/uploads\/2020\/09\/MONPS_PlateauDeJeu-2048x1365.jpg 2048w\" sizes=\"(max-width: 300px) 100vw, 300px\" \/><\/div><\/a>\n\t\t\t\t<div class=\"elementor-post__text\">\n\t\t\t\t<h6 class=\"elementor-post__title\">\n\t\t\t<a href=\"https:\/\/pepason.fr\/?wpdmpro=jeu-mon-paysage-sonore\" target=&quot;_blank&quot;>\n\t\t\t\tJeu &#8211; Mon Paysage Sonore\t\t\t<\/a>\n\t\t<\/h6>\n\t\t\n\t\t<a class=\"elementor-post__read-more\" href=\"https:\/\/pepason.fr\/?wpdmpro=jeu-mon-paysage-sonore\" target=\"_blank\">\n\t\t\tD\u00e9couvrir \u00bb\t\t<\/a>\n\n\t\t\t\t<\/div>\n\t\t\t\t<div class=\"elementor-post__meta-data\">\n\t\t\t\t\t<span class=\"elementor-post-date\">\n\t\t\t20 mai 2020\t\t<\/span>\n\t\t\t\t<\/div>\n\t\t\t\t\t<\/div>\n\t\t<\/article>\n\t\t\t\t<\/div>\n\n\n\t\t\n\t\t\t\t<\/div>\n\t\t\t\t<\/div>\n\t\t\t\t\t\t<\/div>\n\t\t\t\t\t<\/div>\n\t\t<\/div>\n\t\t\t\t\t\t\t\t<\/div>\n\t\t\t\t\t<\/div>\n\t\t<\/section>\n\t\t\t\t\t\t\t\t\t<\/div>\n\t\t\t<\/div>\n\t\t\t\t\t<\/div>\n\t\t","protected":false},"excerpt":{"rendered":"<p>Contenu additionnel de la ludoth\u00e8que des cartes, des sons, des tableaux, des serviettes et des torchons&#8230; Plus que des goodies vous trouverez un tas de<\/p>\n","protected":false},"author":1,"featured_media":0,"parent":273,"menu_order":0,"comment_status":"closed","ping_status":"closed","template":"","meta":{"_monsterinsights_skip_tracking":false,"_monsterinsights_sitenote_active":false,"_monsterinsights_sitenote_note":"","_monsterinsights_sitenote_category":0,"cybocfi_hide_featured_image":""},"post_mailing_queue_ids":[],"_links":{"self":[{"href":"https:\/\/pepason.fr\/index.php?rest_route=\/wp\/v2\/pages\/555"}],"collection":[{"href":"https:\/\/pepason.fr\/index.php?rest_route=\/wp\/v2\/pages"}],"about":[{"href":"https:\/\/pepason.fr\/index.php?rest_route=\/wp\/v2\/types\/page"}],"author":[{"embeddable":true,"href":"https:\/\/pepason.fr\/index.php?rest_route=\/wp\/v2\/users\/1"}],"replies":[{"embeddable":true,"href":"https:\/\/pepason.fr\/index.php?rest_route=%2Fwp%2Fv2%2Fcomments&post=555"}],"version-history":[{"count":4,"href":"https:\/\/pepason.fr\/index.php?rest_route=\/wp\/v2\/pages\/555\/revisions"}],"predecessor-version":[{"id":646,"href":"https:\/\/pepason.fr\/index.php?rest_route=\/wp\/v2\/pages\/555\/revisions\/646"}],"up":[{"embeddable":true,"href":"https:\/\/pepason.fr\/index.php?rest_route=\/wp\/v2\/pages\/273"}],"wp:attachment":[{"href":"https:\/\/pepason.fr\/index.php?rest_route=%2Fwp%2Fv2%2Fmedia&parent=555"}],"curies":[{"name":"wp","href":"https:\/\/api.w.org\/{rel}","templated":true}]}}